rivative of 0*g**2 - 1/6*g**3 + 6*g + 1/12*g**4 + 0. What is the remainder when 8 is divided by v(2)?
0
Suppose 122*d - 1892 = 111*d. Calculate the remainder when d is divided by 52.
16
Suppose -22*n + 15 = -19*n. Let c = 31 + n. Calculate the remainder when 178 is divided by c.
34
Suppose 6*w - 208 = -10*w. Let t = -119 - -166. What is the remainder when t is divided by w?
8
Let a be 4/(-10) - 711/(-15). Let n = a + -26. Calculate the remainder when n is divided by 6.
3
What is the remainder when (3 - (4 - 0)) + (-177)/(-3) is divided by 47?
11
Let g(r) = r**3 + 10*r**2 - 17*r - 16. Let t be (3 + 3/(-1))/2. Suppose 2*f - 4 - 22 = t. Calculate the remainder when g(-11) is divided by f.
11
Suppose -13*l - 42 - 88 = 0. Let p(q) = 5*q**2 + 2*q**2 + q**3 + 3*q**2 - 11*q + 9 - q**2. What is the remainder when 73 is divided by p(l)?
16
Suppose 364 + 1 = 5*u. What is the remainder when 125 is divided by u?
52
What is the remainder when 2173/13 - 10/65 is divided by 21?
20
Let q(s) be the first derivative of -s**4/4 - 2*s**3 + s**2/2 - 8*s - 12. Calculate the remainder when q(-7) is divided by 6.
4
Suppose -a - 15 = 5*s - 6, -44 = 3*a - 2*s. Let v = -1 - a. Suppose 4*g = g + 147. Calculate the remainder when g is divided by v.
10
Let j = 34 + -58. Let d = -18 - j. Calculate the remainder when 9 is divided by d.
3
Let a(h) = 2*h**3 - 2*h**2 + 2*h - 1. What is the remainder when a(4) is divided by ((-36)/(-48))/((-4)/(-560)*3)?
33
Let x be ((-90)/(-25))/(3/90). Suppose 0 = -3*s + l + x, 7*l + 15 = 2*l. Suppose 0 = -4*k + s - 7. Calculate the remainder when 25 is divided by k.
4
Let k = 593 + -65. What is the remainder when k is divided by 76?
72
Let u(d) = -4*d**2 + 1. Let t be u(1). Let j(m) = 8*m**2 - m + 7. Calculate the remainder when j(t) is divided by 12.
10
Let x = -36 - -85. What is the remainder when 73 is divided by x?
24
Let o(q) = -q**3 - 6*q**2 - 5*q + 7. Let t be o(-8). Let u = t + -45. Calculate the remainder when u is divided by 44.
42
Let j be 2/((-2 + 0)/(-1)). Let m(o) = 15*o**2 + o - 1. Suppose -13*h - 4*h = -493. Calculate the remainder when h is divided by m(j).
14
Let p be -2 - -1 - 15/(-1). Let m(l) = l**3 + 9*l**2 - 13*l + 1. Let a be m(3). Suppose -p*x = -9*x - a. Calculate the remainder when x is divided by 5.
4
Let r(t) = t**3 + 7*t**2 + 5*t - 12. Let k be 2/(8/(-12)) - 14. Let c = 12 + k. Calculate the remainder when r(c) is divided by 5.
3
Let u(i) = 2*i**2 - 17 + 9*i - 24*i - 4*i**2 + i**2. What is the remainder when u(-12) is divided by 7?
5
Let x be 112/(-70) + (-2)/5. Calculate the remainder when (x + -1 - 68)*-1 is divided by 18.
17
Suppose 3*f - 222 + 60 = 0. Let j = 405 + -391. Calculate the remainder when f is divided by j.
12
Suppose 0 = -3*q + 32 - 134. Let w = 403 - 373. What is the remainder when 27 is divided by 6/w - q/5?
6
Let o(v) = -14*v - 76. What is the remainder when 248 is divided by o(-9)?
48
Suppose 5*f - 5*t - 125 = 0, 5*f - t - 5 = 140. Let b = -10870 - -10928. Calculate the remainder when b is divided by f.
28
Let m be ((-2)/(-4))/(4/216). Let j = m + -62. Calculate the remainder when 7/(j/(-195)) - -4 is divided by 22.
21
Let k(c) = -c**3 + 11*c**2 + c - 1. What is the remainder when 20 is divided by k(11)?
0
Let o be (-2)/6 + (-48)/(-36). What is the remainder when 4 + 1*46/o is divided by 26?
24
Suppose -3*r = r + 16. Let p be (-15)/r + 1/4. Suppose -p*y + 11 + 13 = 0. Calculate the remainder when 16 is divided by y.
4
Let i = -5 + 19. Let x = -9 - -63. Suppose x = 3*y - 21. Calculate the remainder when y is divided by i.
11
Suppose 0 = 3*b + 4 - 13. Suppose -2*f = 2*f - 256. What is the remainder when f/8 + (1 - 1) is divided by b?
2
Let b be 1/(-5) + (-96)/(-5). Suppose -2*n + 5 = -o - 0, o + 4*n = b. Let q = 7 + -3. What is the remainder when q is divided by o?
1
Let z = -362 + 382. What is the remainder when 91 is divided by z?
11
Let n be ((-5)/4)/((-2)/8). Suppose 2*o - 11 + 3 = -4*z, z + 20 = 5*o. Calculate the remainder when 2/n + 249/15 is divided by o.
1
Let b(q) = -q + 3. Suppose -5*t = -3*s + 219, -4*s + 4*t = -66 - 218. What is the remainder when s is divided by b(-7)?
8
Suppose 0 = 5*k - 10. Suppose 22*f - 5*y = 17*f - 165, -3*f + 5*y = 95. What is the remainder when (4 - f/(-10))*6 is divided by k?
1
Calculate the remainder when 1*-1 + 1/(12/19848) is divided by 18.
15
Suppose 2*s + 5*c = -2*s + 12, -3*s = 2*c - 9. Suppose 21 = -u - s*n, -4*n = -2*u - 5*n - 27. What is the remainder when 7 is divided by (-40)/u*3/2?
2
Let d(h) = h**3 - 2*h**2 - 31*h - 7. Calculate the remainder when 117 is divided by d(-4).
12
Let y be (-8)/(-14) - (-1479)/119. Suppose y*d - 6 = 46. What is the remainder when 10 is divided by d?
2
Suppose 7*q - 13*q = -690. What is the remainder when q is divided by 29?
28
Let m be (-6 - -6)*(-3)/(-6). Suppose -176 = -m*f - 2*f. What is the remainder when f is divided by 15?
13
Let k = 27 - 15. Suppose -k = -d - 0*d. What is the remainder when 47 is divided by d?
11
Let c = 1 + 88. Let z = c - 34. Calculate the remainder when z is divided by 7.
6
Let i = -12 + 36. Suppose 108 = 3*u - i. Suppose b + b = u. What is the remainder when 64 is divided by b?
20
Let c = -15 - -17. Suppose -6 = -c*x + 10. Calculate the remainder when 13 is divided by x.
5
Let z = 249 + -235. What is the remainder when (-11 - 2)/((-2)/4) is divided by z?
12
Let o(r) = -11*r + 4. Let u be o(-3). Suppose 42*a = u*a + 190. What is the remainder when a is divided by 11?
5
Let x be 4/((-4)/(-2)) - 0. Let v(h) = -9*h + 16. Let d be v(2). Let p = x - d. What is the remainder when 10 is divided by p?
2
Let j(k) be the second derivative of -k**3/3 - 5*k**2/2 - 17*k. Let h = -7 + 11. What is the remainder when j(-8) is divided by h?
3
Let f = 255 + -196. Calculate the remainder when f is divided by 18.
5
Let p(m) = 4*m**3 - m**2 + 3*m - 6. Let c be ((-18)/(-6))/(9/6). What is the remainder when p(c) is divided by 5?
3
Let i = 614 - 572. What is the remainder when 88 is divided by i?
4
Let k be (-1)/1*(-11 - -9). Calculate the remainder when 215 is divided by ((-3)/k)/(9/(-216)).
35
Suppose 16*l + 33 = 4*d + 13*l, -4*l = 4*d - 68. What is the remainder when 140 is divided by d?
8
Let r = 1217 - 657. What is the remainder when r is divided by 33?
32
Suppose -n + 6*l - 5*l = -31, 195 = 5*n + 3*l. Suppose 2*j - 32 = 110. What is the remainder when j is divided by n?
35
Suppose -229 + 245 = 2*k. What is the remainder when 77/2 + (-2)/(-4) is divided by k?
7
Let o(y) = y**2 - 14*y + 5. Let g be o(14). Let n(t) = -5*t**2 + 3*t**3 + 6 + 3*t**3 - 6*t - g*t**3. What is the remainder when 34 is divided by n(6)?
4
Let t(s) = -4*s + 16. Let z be t(-7). Let p = z - -28. What is the remainder when p is divided by 25?
22
Let q(v) = -3*v**2 + 64*v - 61. What is the remainder when 139 is divided by q(19)?
67
Suppose -5*t + 325 = -320. What is the remainder when t is divided by 48?
33
Let n(b) = 17*b + 4. Let s be -5*((-24)/(-15) - 2). What is the remainder when 75 is divided by n(s)?
37
Let u(y) = y**2 - 7*y - 21. Suppose 11*q - 5*q - 60 = 0. Calculate the remainder when ((-28)/10)/(1/(-5)) is divided by u(q).
5
Let w = 914 + -712. What is the remainder when w is divided by 103?
99
Let v(f) be the first derivative of f**4/4 + 8*f**3/3 + 4*f**2 - f + 2. Let u be v(-6). Let z = u + -10. Calculate the remainder when 51 is divided by z.
12
Let i = -27 + 43. Suppose 0 = -k + 2*k - 26. Suppose -b + 23 = -4*z, b - 7 = 2*z + k. What is the remainder when b is divided by i?
11
Let i(j) = -4*j + 25. Let f be i(8). Calculate the remainder when 195 is divided by 7*(-1)/((f/(-22))/(-1)).
19
Let k(b) = 98*b**3 + 3*b**2 - b - 1. Let h be k(1). Suppose -5*q - 34 = -h. Calculate the remainder when 25 is divided by q.
12
Let v(i) be the second derivative of i**3/3 - 5*i**2 + i. Let h be v(4). Calculate the remainder when 82 + (h - (-1 - -3)) is divided by 27.
24
Suppose 9 + 15 = 6*j. Suppose -5*y = 5*h - 240, 0*h - 192 = -j*h - 3*y. Calculate the remainder when h is divided by 10.
8
Let s = 16 + -14. Suppose s*n + 30 = 7*n. What is the remainder when 10 is divided by n?
4
Let w(i) = 2*i - 24. Let a be w(9). Let b = a - -39. Calculate the remainder when b is divided by 18.
15
Let k(h) = -14*h - 6. What is the remainder when k(-11) 